f and v.
10
Let n(b) = 3 - 2 + 0*b - b. Let h be n(5). Let u be (2/h)/(4/(-72)). Calculate the highest common divisor of 81 and u.
9
Suppose 4*f = 5*o - f - 225, -o + 45 = -3*f. What is the greatest common factor of 18 and o?
9
Let p(n) = 2*n**2 + 3*n + 3. Let a be p(-2). Suppose a*m - 60 - 165 = 0. Calculate the greatest common divisor of 15 and m.
15
Let k = 181 - 91. What is the highest common factor of k and 20?
10
Let z be (-3)/(-3) - (-10 + -4). Let q be (z - 4/4) + 3. Let s be (-684)/(-10) - (-2)/(-5). What is the greatest common factor of q and s?
17
Let a(z) = -z**2 - 10*z - 7. Let c be a(-9). Let d be (c/3)/(10/(-105)). Let k be (d/3)/((-6)/36). Calculate the highest common divisor of 112 and k.
14
Let s(r) = -r**2 + 17*r + 14. Let h be s(11). What is the highest common factor of 48 and h?
16
Suppose -3*a - 1110 = -v, 740 = -2*a + 5*v - v. Let u = a - -535. Calculate the greatest common divisor of u and 15.
15
Let r be 6/(-4)*(8 - 34). What is the highest common factor of r and 3?
3
Let g(i) = 5*i + 12. Let z be g(-2). What is the greatest common divisor of z and 1?
1
Suppose 3*q = -q + 12, -3*q = -c + 39. What is the highest common divisor of c and 120?
24
Let c be ((-30)/9)/(4/(-6)). Let h = 7 + c. Calculate the greatest common factor of 48 and h.
12
Let v(y) = y**3 - 7*y**2 + 10*y - 8. Let a be v(6). Let s be 4/(-18) - 20/(-9). What is the highest common divisor of a and s?
2
Suppose 4*b + 28 = -y + 2*y, -y + 58 = 2*b. Suppose 505 = 4*o - 5*l, -651 + 176 = -4*o - l. Calculate the greatest common factor of y and o.
24
Suppose 20*r - 19*r = 20. Suppose -2 + 27 = 5*y. What is the greatest common factor of r and y?
5
Suppose p + 4 = -5. Let f = p - -13. Suppose -f*u + 4*d + 69 + 491 = 0, 4*d - 12 = 0. What is the greatest common divisor of u and 13?
13
Suppose 2*y + 12 = -2*y. Let a be y - (0 + 4 + -8). Calculate the greatest common divisor of 1 and a.
1
Let z(y) = y**3 - 16*y**2 + 19*y - 18. Let k be z(15). Calculate the greatest common factor of k and 56.
14
Let u be 25*3 + -2 - 1. Suppose q = -q + u. Suppose -q = -3*l - 0. What is the highest common divisor of 36 and l?
12
Let z = 1 - 0. Let k(l) = -l**3 + 7*l**2 + l + 1. Suppose -13 = -2*x + d, -5 = 3*d - 8*d. Let r be k(x). Calculate the greatest common divisor of z and r.
1
Let a(h) = h**3 - 2*h**2 + h. Let k be (-2)/1 + (1 - -3). Let y be a(k). What is the highest common factor of 2 and y?
2
Suppose -5*k + 3*t = -0*t - 69, 12 = -4*t. Calculate the greatest common divisor of 12 and k.
12
Let w(f) = -f**2 + 3*f + 3. Let r be w(3). Suppose 0 = 2*b + r*b - 195. What is the highest common divisor of b and 26?
13
Suppose -4*w - 48 = -w. Let o = -9 - w. Suppose 4*k - 5*k + o = 0. What is the highest common factor of 14 and k?
7
Suppose -3*m + 23 = -l, -4*m - m = 5*l + 15. Let z = -2 - l. What is the highest common divisor of z and 24?
6
Let f be (-142)/(-5) - (-6)/(-15). Let b(w) = w + 4. Let n be b(-6). Let x(o) = -o**2 - 5*o - 2. Let s be x(n). What is the greatest common divisor of s and f?
4
Let p(l) = -2*l + 14. Let f be p(0). What is the highest common factor of f and 70?
14
Suppose 12 = 4*t + 4*n, -2*n = -t - 3*t + 6. Suppose -4*w + t*w = -5*y + 55, -2*y + 4*w = -38. Calculate the greatest common divisor of 6 and y.
3
Suppose -2*n - 108 - 50 = -2*q, -4*n + 5*q - 311 = 0. Let g = -60 - n. Calculate the highest common divisor of 6 and g.
6
Let v = -93 + 153. Suppose d - 1 + 0 = -2*q, -2*d + 3*q = 19. Let o be (-154)/(-10) + 2/d. Calculate the highest common divisor of v and o.
15
Suppose 10 = 2*d - 7*d, -s - 4*d = -12. Calculate the greatest common factor of 4 and s.
4
Let n = 202 - 310. Suppose -3*i = -i + 12. Let b = i - n. Calculate the highest common factor of 17 and b.
17
Suppose 15 = -5*c, -4*j - j + 834 = -3*c. Calculate the greatest common divisor of j and 15.
15
Let d(m) = m**3 - 8*m**2 + 9*m - 8. Let u be d(7). Let a be (4 - 5) + 8/2. Calculate the greatest common factor of u and a.
3
Let w(b) = 3*b**3 - 3*b**2 + 0*b + 0*b + 2*b. Let q be 3/2*(-20)/(-15). Let h be w(q). Calculate the greatest common divisor of 24 and h.
8
Let r be ((-2)/6)/(5/(-60)). Suppose 0 = -r*b + 52 + 4. What is the greatest common factor of 21 and b?
7
Let f(g) = -g**2 - 21*g - 45. Let z be f(-18). Let r = 14 - 5. Suppose r*v - 45 = 4*v. What is the greatest common factor of z and v?
9
Suppose 0 = -3*j + 3, h - 22 - 13 = j. Calculate the greatest common factor of 4 and h.
4
Let h(a) = -a**3 - 3*a**2 - 2*a + 2. Let k be h(-3). Let l = 135 + k. What is the greatest common factor of l and 13?
13
Suppose -x + 25 = 4*x. Suppose -v - 11 = 5*j - 28, -j = -x*v + 7. Suppose 0 = -i + v + 10. What is the highest common divisor of 132 and i?
12
Let r = 44 + -17. Let l(w) = w**3 + 7*w**2 - 3*w - 11. Let t be l(-5). Calculate the highest common factor of t and r.
27
Let s = 47 - 34. Calculate the highest common factor of 65 and s.
13
Let l = 62 + -50. What is the greatest common factor of l and 108?
12
Let r be ((-2)/4)/((-11)/660). Calculate the highest common factor of r and 45.
15
Let m be 5/35 + (-222)/(-14). What is the highest common factor of 16 and m?
16
Let y(a) = -a**2 - 17*a. Let k(o) = o**2 + 9*o + 6. Suppose 2*r - 4 = -18. Let b be k(r). Let i be y(b). Calculate the highest common divisor of i and 8.
8
Let v be (-1)/(1/(13/(-1))). Let u = v - 5. What is the greatest common factor of u and 16?
8
Let m(b) = -7*b - 30. Let j be m(-8). What is the greatest common divisor of 26 and j?
26
Let u = 27 - 23. Calculate the greatest common factor of u and 28.
4
Let u be 62*((-50)/4)/(-5). Suppose -c - 4*c = -245. Suppose u = 3*f - 5*y, -246 = -5*f + y + c. Calculate the highest common divisor of 12 and f.
12
Suppose 4*z = 149 - 93. What is the highest common divisor of 98 and z?
14
Suppose 26 = t + 5*w, 0 = -2*w - 0*w + 4. Suppose 15 = 2*i - 3*k, 0*i - 2*i + 2*k + t = 0. What is the highest common factor of i and 36?
9
Suppose 0 = -n - 2*n + 27. What is the highest common factor of 63 and n?
9
Let y = -25 + 35. Let v = y + 14. Calculate the highest common factor of v and 8.
8
Let x(n) = -n - 3. Let y be x(-11). Let v = y + -4. What is the highest common divisor of 16 and v?
4
Suppose -5*g = 5*y - 70, -2*g = -3*y - 7 - 26. Calculate the highest common factor of 150 and g.
15
Let w(l) = l + 6. Let i be w(-4). Suppose -4 = -i*a + 2. Suppose -2*g + 75 = a*g. Calculate the highest common divisor of g and 45.
15
Let c = 87 + -27. What is the highest common factor of c and 15?
15
Let m(p) = 41*p + 1. Suppose 0*a + 5*a - 20 = 0. Let y be m(a). Calculate the highest common divisor of 15 and y.
15
Let p be -67*(0 - -1)*-1. Suppose -z = 3*t - p, z + 25 = -t + 84. What is the highest common factor of 11 and z?
11
Let a be (-2)/(-7) + 255/(-35). Let w = a - -8. What is the greatest common factor of w and 11?
1
Let u be (-1)/2 + 69/(-6). Let k = u + 21. Calculate the greatest common divisor of k and 90.
9
Let x be 3/(-6) + (-111)/(-6). What is the greatest common factor of x and 108?
18
Suppose -4*d = 113 - 529. Calculate the greatest common divisor of 13 and d.
13
Let o(h) = -h**2 - 4*h + 2. Let v be o(-4). Let d = 46 + v. Calculate the highest common divisor of d and 6.
6
Let u(j) = -j**3 - 3*j**2 - 11*j - 5. Let g be u(-5). What is the highest common divisor of g and 250?
50
Let w be (26 + -2)*1/2. Let t(r) = 132*r**3 - r**2 + 1. Let j be t(1). Calculate the greatest common divisor of w and j.
12
Suppose f + 3*f + 5*o - 479 = 0, 3*f - 2*o = 388. What is the greatest common divisor of 14 and f?
14
Let w = 9 - 5. Suppose w*k = 5*k - 33. Suppose -3*t - 4*d + 36 = 0, -2*t - 5*d + k = t. Calculate the greatest common factor of 40 and t.
8
Suppose 0*x - 204 = -6*x. Calculate the greatest common divisor of 238 and x.
34
Suppose 0 = c + 2*b - 15, 3*c - 2*b - 8 + 3 = 0. Suppose 3*h = 4*i - 23, 0 = 3*i - 0*h + h - 14. Calculate the greatest common factor of i and c.
5
Let n(z) = -2*z**2 - 4*z - 1. Let m be n(-3). Let f = 15 + m. Suppose -f = -i - i. What is the greatest common divisor of 4 and i?
4
Let r be (-546)/(-22) - (-16)/88. Let o = 87 - -12. Let k be 1 - (-1 + 1 - o). What is the highest common divisor of k and r?
25
Suppose 4*z = -z + 90. Suppose 0 = -5*o - 4*l + 90, -2*o + o + 4*l = -z. Calculate the greatest comm